220?
-202322200
In base 14, what is 9cda5 + 1?
9cda6
In base 15, what is -10ac9 - -5?
-10ac4
In base 16, what is -e - -54a2?
5494
In base 13, what is 1c671 - 40?
1c631
In base 11, what is 54a941 - 0?
54a941
In base 7, what is 4 + 116632?
116636
In base 2, what is 10100000111 - 11010?
10011101101
In base 3, what is -11200 - -1112111?
1100211
In base 14, what is d651 + -5?
d64a
In base 13, what is 2caa - -8?
2cb5
In base 11, what is 52247 + 5?
52251
In base 13, what is -120347 - -2?
-120345
In base 14, what is -2ba04 - -5?
-2b9dd
In base 9, what is -34065 - -2?
-34063
In base 15, what is -1 - -1913c?
1913b
In base 15, what is 15 + -474?
-45e
In base 5, what is -3121 - 212?
-3333
In base 8, what is -12 - -314341?
314327
In base 6, what is 4350401 + -10?
4350351
In base 5, what is 10041 + -22142?
-12101
In base 2, what is -11100000 - 11110110?
-111010110
In base 15, what is -e + -457e?
-458d
In base 16, what is -23f0a + 1e?
-23eec
In base 6, what is -2000 + 32?
-1524
In base 16, what is 8d57b - -2?
8d57d
In base 16, what is 2c4 - ac?
218
In base 15, what is 0 + 11b2a?
11b2a
In base 7, what is 313 + 6146?
6462
In base 3, what is -21210 - -11220?
-2220
In base 12, what is ba4 + -23?
b81
In base 12, what is 74 + 97bb?
9873
In base 15, what is -2 + -5174?
-5176
In base 4, what is 12121 + 22211?
100332
In base 12, what is 52 - -392b?
3981
In base 7, what is 3 - -20105263?
20105266
In base 10, what is -677617 + -3?
-677620
In base 4, what is 130130311 + 11?
130130322
In base 7, what is -5 - -145154?
145146
In base 11, what is 264 + 35?
299
In base 13, what is -b7 - ca?
-1b4
In base 3, what is 1200 + 21112200?
21121100
In base 6, what is -123321 - 1420?
-125141
In base 4, what is -12121202 + 1?
-12121201
In base 5, what is -4 - -1034230?
1034221
In base 15, what is -9 + 53057?
5304d
In base 10, what is 5057 - -18?
5075
In base 2, what is -1110010110 + 11001?
-1101111101
In base 6, what is 122404 - -105?
122513
In base 10, what is 14483 + -294?
14189
In base 11, what is 5 + 3039?
3043
In base 15, what is -d69283 - 0?
-d69283
In base 16, what is 2 + -134144?
-134142
In base 3, what is 1200 + 221120?
1000020
In base 4, what is 1 + -1212103?
-1212102
In base 15, what is -5 - -19b87?
19b82
In base 7, what is 242261 + 4?
242265
In base 11, what is -3 + 348a4?
348a1
In base 8, what is -3464050 - 5?
-3464055
In base 4, what is -11320033 + 1303?
-11312130
In base 15, what is 509dc + -b?
509d1
In base 6, what is -1005 + 115?
-450
In base 10, what is -286 + -1302?
-1588
In base 15, what is -1 + -124b?
-124c
In base 8, what is 17 - 536?
-517
In base 15, what is 870e0 - 5?
870da
In base 9, what is 8875 + -15?
8860
In base 9, what is 2 - 124316?
-124314
In base 3, what is -21201110000 + -1?
-21201110001
In base 10, what is -3 - -75339?
75336
In base 15, what is 10 + -2d31?
-2d21
In base 14, what is -8d6c + 5?
-8d67
In base 16, what is 0 - -f355?
f355
In base 15, what is 18 + -b3?
-9a
In base 10, what is 418 + -1942?
-1524
In base 3, what is -2002002212020 + -12?
-2002002212102
In base 8, what is -3 + -22546?
-22551
In base 10, what is -2507357 - 5?
-2507362
In base 12, what is 1630 - -8?
1638
In base 9, what is 376 + 16315?
16702
In base 7, what is -250152 - -56?
-250063
In base 2, what is -100111 - -11001000?
10100001
In base 8, what is -341 - -44?
-275
In base 7, what is -130 - 112?
-242
In base 6, what is -115 - -315533?
315414
In base 7, what is 1455553 + 1?
1455554
In base 3, what is 0 - -222010110?
222010110
In base 7, what is -412551 - 31?
-412612
In base 16, what is -95b - -2a0?
-6bb
In base 13, what is -21 + 21b?
1ca
In base 11, what is 3 + -180255?
-180252
In base 7, what is -52235 + -31?
-52266
In base 5, what is -220333241 - 3?
-220333244
In base 8, what is -52610 - -5?
-52603
In base 9, what is -3631 + -3?
-3634
In base 11, what is 17 - -103a8?
10414
In base 14, what is -19 - 11ac?
-11c7
In base 8, what is 124017 - -2?
124021
In base 16, what is -434b + 74?
-42d7
In base 13, what is b96 - -4?
b9a
In base 9, what is -75332 + 1?
-75331
In base 6, what is -4 + -35004401?
-35004405
In base 15, what is 307 - 137d?
-1076
In base 6, what is -145 - -225523?
225334
In base 12, what is -51 - -40?
-11
In base 14, what is 1 + -bbc8?
-bbc7
In base 2, what is -1100110100000010111 + 0?
-1100110100000010111
In base 11, what is -9475 - -19?
-9457
In base 5, what is -20321201 + 2?
-20321144
In base 15, what is -46 + -30a?
-351
In base 7, what is -14010 - -254?
-13423
In base 7, what is 1424130 - -4?
1424134
In base 5, what is -3 + -13322334?
-13322342
In base 7, what is -336 + 56103?
55434
In base 16, what is -219 + 1b84?
196b
In base 7, what is -13162 - -10?
-13152
In base 5, what is -1422 - 1001?
-2423
In base 9, what is -46 - 4247?
-4304
In base 7, what is -14 - -30526?
30512
In base 16, what is -ea4a - -4?
-ea46
In base 4, what is -11133 - 32?
-11231
In base 9, what is 2171851 + 2?
2171853
In base 13, what is -b98 + -57?
-c22
In base 4, what is 220 - 133000?
-132120
In base 12, what is -121 - 643?
-764
In base 5, what is -11411213 + 2?
-11411211
In base 16, what is 1 - -3d95?
3d96
In base 2, what is 1001 + -111011110111101010?
-111011110111100001
In base 7, what is -1205 + 343?
-532
In base 6, what is 323511 - -14?
323525
In base 3, what is -112022121 - 20?
-112022211
In base 15, what is -4 - 7ed?
-802
In base 2, what is -10111101110 - 101110?
-11000011100
In base 2, what is 11 + -1010101001011011011?
-1010101001011011000
In base 14, what is a + -69b?
-691
In base 5, what is -13014 - 43?
-13112
In base 12, what is 7 - -121409?
121414
In base 4, what is -110232330 + 3?
-110232321
In base 16, what is 886e0 + -3?
886dd
In base 10, what is -2 - 196350?
-196352
In base 12, what is -84b - 2b7?
-b46
In base 11, what is 6 - 7665?
-765a
In base 16, what is 2 + fd6?
fd8
In base 6, what is 10 - 1301?
-1251
In base 15, what is 5314 - -4?
5318
In base 14, what is -26dc - -90?
-264c
In base 10, what is 699 + 9720?
10419
In base 8, what is -1 - 31462?
-31463
In base 4, what is 11221122 - -33?
11221221
In base 11, what is 33540 - 1?
3353a
In base 5, what is -3122 - 1021?
-4143
In base 7, what is 5 + 62654?
62662
In base 8, what is 10532 - 57?
10453
In base 7, what is 4 + -426466?
-426462
In base 2, what is 101010001110111101111 - 0?
101010001110111101111
In base 2, what is -1 + -1110001011?
-1110001100
In base 6, what is 1544 - 14131?
-12143
In base 12, what is 0 - 2606a?
-2606a
In base 6, what is -3435054 + 5?
-3435045
In base 9, what is 11 + -62622?
-62611
In base 10, what is -189 - 10?
-199
In base 14, what is 2616a - -2d?
26199
In base 5, what is 23 - -400033?
400111
In base 12, what is 1001 - -52?
1053
In base 11, what is 380 + -500?
-130
In base 4, what is 20330 - -200012?
221002
In base 5, what is -120 - 23214?
-23334
In base 8, what is 414 - -1746?
2362
In base 15, what is b5a2 - -a?
b5ac
In base 7, what is -1636 + 10441?
5502
In base 5, what is 2441 - 22033?
-14042
In base 15, what is -6 - -5ce?
5c8
In base 7, what is -345014 - -3?
-345011
In base 4, what is 1332 + 321?
2313
In base 10, what is 10669 + 30?
10699
In base 13, what is -79 - c?
-88
In base 5, what is -303134 + -31?
-303220
In base 13, what is 5a4 + b?
5b2
In base 10, what is 8 + 11?
19
In base 11, what is -5774 - 14?
-5788
In base 2, what is -1101110100100101 - 10?
-1101110100100111
In base 10, what is -3 - -89100?
89097
In base 11, what is -3423 + 1a6?
-3228
In base 15, what is -1c4 - -1d?
-1a6
In base 11, what is -113a + 15?
-1125
In base 11, what is -a61 + -78?
-1029
In base 11, what is -474350 + 4?
-474347
In base 2, what is 1011 - 10010011001010?
-10010010111111
In base 15, what is 15 + 5565?
557a
In base 6, what is 10005 - 2?
10003
In base 5, what is -11440312 + -3?
-11440320
In base 6, what is -1034 + -1455?
-2533
In base 10, what is -488 + -50?
-538
In base 2, what is -11111111010 - 1100010111?
-101100010001
In base 15, what is -18c2c2 - 3?
-18c2c5
In base 14, what is -c89 - -5ca?
-69d
In base 12, what is 2192 - -11?
21a3
In base 3, what is -21110210210 - 102?
-21110211012
In base 11, what is 9 - 17717a?
-177171
In base 2, what is -110 + 1000011011011?
1000011010101
In base 7, what is -13234 + -10?
-13244
In base 7, what is -3 + -40144?
-40150
In base 13, what is -219c7b + 2?
-219c79
In base 10, what